f 20 and 2560.
20
Calculate the greatest common divisor of 69366 and 16.
2
Calculate the greatest common divisor of 9456 and 1860.
12
Calculate the greatest common factor of 147774 and 264.
66
What is the highest common divisor of 181 and 81269?
181
What is the highest common factor of 21 and 78981?
21
Calculate the highest common factor of 23276 and 55.
11
Calculate the highest common factor of 623304 and 1287.
99
What is the greatest common divisor of 12204 and 432?
108
Calculate the highest common factor of 896 and 38400.
128
Calculate the highest common divisor of 2244 and 1598.
34
Calculate the greatest common factor of 1580386 and 164.
82
Calculate the highest common factor of 11120 and 216145.
695
What is the highest common divisor of 28 and 11560948?
28
What is the greatest common factor of 3523 and 780?
13
What is the highest common factor of 62 and 3967163?
31
What is the greatest common factor of 1723728 and 24?
24
Calculate the greatest common factor of 175 and 7357.
7
Calculate the greatest common factor of 15 and 71000.
5
What is the highest common factor of 3465901 and 1132?
283
Calculate the highest common divisor of 10857 and 3003.
231
What is the highest common factor of 1376 and 79136?
32
What is the greatest common divisor of 153 and 136602?
9
Calculate the highest common divisor of 1392 and 1776.
48
What is the highest common divisor of 14523 and 59361?
141
Calculate the greatest common factor of 658 and 133339.
47
Calculate the highest common factor of 15808 and 15067.
247
What is the greatest common divisor of 78 and 53326?
26
Calculate the greatest common divisor of 192 and 4428.
12
What is the greatest common divisor of 172308 and 132?
12
Calculate the highest common divisor of 1075208 and 8.
8
What is the greatest common divisor of 5263 and 23268?
277
Calculate the greatest common factor of 165 and 42045.
15
Calculate the highest common divisor of 235603 and 221.
17
What is the greatest common divisor of 20 and 380960?
20
Calculate the greatest common divisor of 19926 and 3888.
486
What is the greatest common divisor of 603757 and 253?
11
Calculate the greatest common divisor of 5000 and 6400.
200
What is the greatest common divisor of 15301 and 209?
11
Calculate the greatest common divisor of 63168 and 8256.
192
What is the highest common factor of 4216 and 4760?
136
Calculate the highest common divisor of 5155006 and 3508.
1754
Calculate the greatest common factor of 10575 and 51615.
45
What is the greatest common divisor of 1301 and 5012753?
1301
Calculate the greatest common divisor of 1602 and 1255434.
534
What is the highest common factor of 19545360 and 15?
15
Calculate the highest common factor of 323 and 9177.
19
What is the highest common divisor of 289896 and 846?
282
What is the highest common factor of 908 and 198?
2
What is the highest common divisor of 6 and 15285?
3
Calculate the greatest common divisor of 1503840 and 195.
195
What is the greatest common factor of 3381 and 15?
3
What is the greatest common divisor of 57109 and 52?
13
Calculate the highest common divisor of 14269 and 3.
1
Calculate the highest common divisor of 160 and 7000.
40
What is the greatest common divisor of 1442 and 134827?
721
Calculate the highest common factor of 231 and 1317.
3
What is the greatest common factor of 5280 and 2189?
11
What is the greatest common divisor of 882 and 33026?
98
Calculate the highest common factor of 10682 and 9701.
109
Calculate the greatest common factor of 1420686 and 216.
54
Calculate the highest common divisor of 3438 and 87.
3
What is the highest common divisor of 2874172 and 644?
644
Calculate the highest common factor of 13950 and 85950.
450
What is the highest common divisor of 7 and 14119?
7
What is the greatest common factor of 49119 and 945?
21
Calculate the greatest common divisor of 106 and 121529.
53
What is the highest common factor of 415 and 4269935?
415
What is the greatest common divisor of 414 and 3765537?
207
Calculate the greatest common divisor of 621 and 351.
27
Calculate the greatest common divisor of 6446 and 209.
11
What is the greatest common factor of 16 and 100664?
8
What is the highest common divisor of 145712 and 140?
28
What is the greatest common divisor of 81797 and 1099?
157
What is the greatest common factor of 1518 and 124982?
506
Calculate the greatest common factor of 3675 and 112.
7
What is the highest common factor of 2 and 59896?
2
Calculate the greatest common factor of 50840 and 1312.
328
Calculate the greatest common factor of 93480 and 1240.
40
What is the highest common divisor of 16797 and 1353?
33
Calculate the greatest common factor of 3832 and 184.
8
Calculate the greatest common divisor of 303 and 513.
3
Calculate the greatest common factor of 7 and 1253084.
7
What is the highest common factor of 1348 and 508?
4
Calculate the highest common factor of 143 and 252208.
11
What is the greatest common factor of 149362 and 7820?
782
What is the greatest common divisor of 70 and 20990?
10
What is the highest common divisor of 632 and 15958?
158
Calculate the highest common factor of 525150 and 60.
30
What is the highest common factor of 576 and 138560?
64
What is the greatest common factor of 1675 and 275?
25
What is the highest common factor of 12331 and 590?
59
Calculate the highest common divisor of 24160 and 184975.
755
Calculate the highest common factor of 665895 and 195.
15
What is the greatest common factor of 1250 and 630350?
50
Calculate the highest common divisor of 9488 and 48.
16
Calculate the greatest common factor of 204552 and 16.
8
What is the highest common factor of 46692 and 18?
18
Calculate the greatest common divisor of 389 and 1820131.
389
Calculate the greatest common factor of 30780 and 5508.
324
What is the greatest common divisor of 346845 and 2280?
285
Calculate the greatest common divisor of 231 and 277431.
231
What is the highest common divisor of 2619044 and 344?
172
Calculate the greatest common divisor of 78447 and 711.
237
What is the highest common divisor of 639 and 3093?
3
Calculate the greatest common factor of 12801 and 3859.
17
What is the greatest common factor of 1381834 and 3032?
758
What is the greatest common divisor of 385810 and 1845?
205
Calculate the highest common factor of 8283 and 265809.
753
What is the greatest common factor of 697900 and 84?
28
Calculate the highest common divisor of 1443 and 394420.
481
What is the greatest common factor of 2583 and 12573?
9
What is the greatest common factor of 344280 and 95?
95
Calculate the highest common divisor of 936 and 146484.
468
What is the highest common divisor of 30960 and 7310?
430
What is the greatest common factor of 135 and 100485?
45
What is the greatest common factor of 662155 and 610?
305
What is the highest common divisor of 9030 and 9345?
105
Calculate the greatest common factor of 648386 and 146.
146
Calculate the greatest common factor of 342442 and 94.
94
What is the highest common divisor of 106 and 263463?
53
What is the greatest common divisor of 3384 and 520008?
1128
Calculate the highest common divisor of 1230 and 189994.
82
What is the highest common divisor of 2325 and 30000?
75
Calculate the highest common divisor of 458570 and 70.
70
What is the greatest common divisor of 24 and 75176?
8
What is the greatest common factor of 16308 and 162174?
906
Calculate the highest common divisor of 201 and 1143489.
201
Calculate the greatest common factor of 172 and 82388.
172
What is the highest common divisor of 40217 and 1572?
131
Calculate the highest common factor of 299820 and 135.
15
What is the greatest common factor of 23850 and 2000?
50
Calculate the highest common factor of 104 and 3768.
8
Calculate the greatest common divisor of 70 and 17318.
14
What is the greatest common divisor of 157752 and 12240?
72
Calculate the highest common divisor of 6564 and 972.
12
What is the highest common divisor of 117 and 2587?
13
Calculate the highest common divisor of 1462 and 119798.
86
What is the greatest common factor of 9180 and 568140?
1020
What is the highest common divisor of 347241 and 9?
3
Calculate the highest common factor of 3322 and 104794.
302
Calculate the greatest common divisor of 233 and 169391.
233
What is the highest co